{"id":60,"date":"2014-08-20T11:25:10","date_gmt":"2014-08-20T09:25:10","guid":{"rendered":"http:\/\/alingsasparkenskulturforening.com\/?page_id=60"},"modified":"2018-04-06T07:33:01","modified_gmt":"2018-04-06T05:33:01","slug":"foreningen","status":"publish","type":"page","link":"https:\/\/alingsasparkenskulturforening.com\/?page_id=60","title":{"rendered":"F\u00f6reningen"},"content":{"rendered":"<p>Alings\u00e5sparkens Kulturf\u00f6rening bildades under 2013 och har som \u00e4ndam\u00e5l att fr\u00e4mja kulturell aktivitet i Alings\u00e5sparken genom att initiera, st\u00f6dja eller arrangera kulturella evenemang i Alings\u00e5sparken samt att\u00a0 verka f\u00f6r att Alings\u00e5sparken skall bli ett nav f\u00f6r kulturella arrangemang i Alings\u00e5s. I detta arbete och i \u00f6vrigt skall f\u00f6reningen vara politiskt och religi\u00f6st obunden. I dagsl\u00e4get p\u00e5g\u00e5r det en m\u00e4ngd aktiviteter i parken under sommaren i form av olika danstillst\u00e4llningar. Sedan n\u00e5gra \u00e5r tillbaka visar Alings\u00e5s musikliv ocks\u00e5 upp sig i parken i samband med Musikens Dag. F\u00f6rhoppningen \u00e4r att den nya f\u00f6reningen som kan beskrivas som en st\u00f6df\u00f6rening f\u00f6r Alings\u00e5sparken \u2013 ska locka engagerade privatpersoner, f\u00f6reningar och f\u00f6retag som kan hj\u00e4lpa till och v\u00e4cka liv i parken.<\/p>\n","protected":false},"excerpt":{"rendered":"<p>Alings\u00e5sparkens Kulturf\u00f6rening bildades under 2013 och har som \u00e4ndam\u00e5l att fr\u00e4mja kulturell aktivitet i Alings\u00e5sparken genom att initiera, st\u00f6dja eller arrangera kulturella evenemang i Alings\u00e5sparken samt att\u00a0 verka f\u00f6r att Alings\u00e5sparken skall bli ett nav f\u00f6r kulturella arrangemang i Alings\u00e5s. I detta arbete och i \u00f6vrigt skall f\u00f6reningen vara politiskt och religi\u00f6st obunden. I dagsl\u00e4get [&hellip;]<\/p>\n","protected":false},"author":1,"featured_media":0,"parent":0,"menu_order":0,"comment_status":"closed","ping_status":"open","template":"","meta":{"footnotes":""},"class_list":["post-60","page","type-page","status-publish","hentry"],"_links":{"self":[{"href":"https:\/\/alingsasparkenskulturforening.com\/index.php?rest_route=\/wp\/v2\/pages\/60","targetHints":{"allow":["GET"]}}],"collection":[{"href":"https:\/\/alingsasparkenskulturforening.com\/index.php?rest_route=\/wp\/v2\/pages"}],"about":[{"href":"https:\/\/alingsasparkenskulturforening.com\/index.php?rest_route=\/wp\/v2\/types\/page"}],"author":[{"embeddable":true,"href":"https:\/\/alingsasparkenskulturforening.com\/index.php?rest_route=\/wp\/v2\/users\/1"}],"replies":[{"embeddable":true,"href":"https:\/\/alingsasparkenskulturforening.com\/index.php?rest_route=%2Fwp%2Fv2%2Fcomments&post=60"}],"version-history":[{"count":7,"href":"https:\/\/alingsasparkenskulturforening.com\/index.php?rest_route=\/wp\/v2\/pages\/60\/revisions"}],"predecessor-version":[{"id":747,"href":"https:\/\/alingsasparkenskulturforening.com\/index.php?rest_route=\/wp\/v2\/pages\/60\/revisions\/747"}],"wp:attachment":[{"href":"https:\/\/alingsasparkenskulturforening.com\/index.php?rest_route=%2Fwp%2Fv2%2Fmedia&parent=60"}],"curies":[{"name":"wp","href":"https:\/\/api.w.org\/{rel}","templated":true}]}}