{"id":338,"date":"2018-04-10T07:59:39","date_gmt":"2018-04-10T05:59:39","guid":{"rendered":"http:\/\/alingsasparkenskulturforening.com\/?page_id=338"},"modified":"2020-02-25T20:26:20","modified_gmt":"2020-02-25T19:26:20","slug":"parkens-historia","status":"publish","type":"page","link":"https:\/\/alingsasparkenskulturforening.com\/?page_id=338","title":{"rendered":"Parkens historia"},"content":{"rendered":"<p><strong>Historien om Alings\u00e5s Folkets Park&#8230;<\/strong><\/p>\n<p><a href=\"http:\/\/alingsasparkenskulturforening.com\/?attachment_id=359\" target=\"_blank\" rel=\"attachment noopener wp-att-359 noreferrer\"><img loading=\"lazy\" decoding=\"async\" class=\"alignnone wp-image-359\" src=\"http:\/\/alingsasparkenskulturforening.com\/wp-content\/uploads\/2018\/04\/Gammalt-flygfoto-parken-1024x660.jpg\" alt=\"\" width=\"459\" height=\"296\" srcset=\"https:\/\/alingsasparkenskulturforening.com\/wp-content\/uploads\/2018\/04\/Gammalt-flygfoto-parken-1024x660.jpg 1024w, https:\/\/alingsasparkenskulturforening.com\/wp-content\/uploads\/2018\/04\/Gammalt-flygfoto-parken-300x194.jpg 300w, https:\/\/alingsasparkenskulturforening.com\/wp-content\/uploads\/2018\/04\/Gammalt-flygfoto-parken-768x495.jpg 768w, https:\/\/alingsasparkenskulturforening.com\/wp-content\/uploads\/2018\/04\/Gammalt-flygfoto-parken.jpg 1493w\" sizes=\"auto, (max-width: 459px) 100vw, 459px\" \/><\/a><\/p>\n<p><a href=\"http:\/\/alingsasparkenskulturforening.com\/wp-content\/uploads\/2018\/04\/nostalgibilder-konsertpaviljong.jpg\" target=\"_blank\" rel=\"noopener noreferrer\"><img loading=\"lazy\" decoding=\"async\" class=\"alignnone wp-image-343 size-thumbnail\" src=\"http:\/\/alingsasparkenskulturforening.com\/wp-content\/uploads\/2018\/04\/nostalgibilder-konsertpaviljong-150x150.jpg\" alt=\"\" width=\"150\" height=\"150\" \/><\/a> <a href=\"http:\/\/alingsasparkenskulturforening.com\/wp-content\/uploads\/2018\/04\/nostalgibilder-restaurangen.jpg\" target=\"_blank\" rel=\"noopener noreferrer\"><img loading=\"lazy\" decoding=\"async\" class=\"alignnone wp-image-344 size-thumbnail\" src=\"http:\/\/alingsasparkenskulturforening.com\/wp-content\/uploads\/2018\/04\/nostalgibilder-restaurangen-150x150.jpg\" alt=\"\" width=\"150\" height=\"150\" \/><\/a> <a href=\"http:\/\/alingsasparkenskulturforening.com\/wp-content\/uploads\/2018\/04\/nostalgibilder-teatern.jpg\" target=\"_blank\" rel=\"noopener noreferrer\"><img loading=\"lazy\" decoding=\"async\" class=\"alignnone wp-image-345 size-thumbnail\" src=\"http:\/\/alingsasparkenskulturforening.com\/wp-content\/uploads\/2018\/04\/nostalgibilder-teatern-150x150.jpg\" alt=\"\" width=\"150\" height=\"150\" \/><\/a><\/p>\n<p>Detta \u00e4r ett litet utdrag fr\u00e5n en minnesskrift fr\u00e5n 1963, sammanst\u00e4lld av Alings\u00e5s ABF:s Avdelning.<\/p>\n<p>Av Bruno Edberg<\/p>\n<p>Vem anade \u00e5r 1915, att det markomr\u00e5de som F\u00f6reningen Folkets hus i Alings\u00e5s ink\u00f6pte till en festplats i en av stadens utkanter med tiden skulle bli en omtyckt samlingsplats f\u00f6r alla samh\u00e4llsklasser \u2013 allts\u00e5 icke endast f\u00f6r de organiserade arbetena. Lika avl\u00e4gsen var sannolikt tanken p\u00e5 att folkparken ett tjugotal \u00e5r senare skulle tilldelas kommunalt anslag p\u00e5 5,000kr med uttryckligt erk\u00e4nnande av parkverksamhetens stora kulturella betydelse.<\/p>\n<p>Erk\u00e4nnandet smekte naturligtvis som ljuv musik i \u00f6ronen p\u00e5 parkpionj\u00e4rerna, vilka l\u00e4nge f\u00e5tt h\u00f6ra att deras skapelse, d\u00e4r de nedlagt s\u00e5 mycket m\u00f6dosamt arbete p\u00e5 fritiderna och n\u00e4rt s\u00e5 h\u00f6gtflygande planer, ej bidrog till att h\u00f6ja moralen hos arbetarklassen, utan snarare tv\u00e4rtom. Av denna uppfattning var bland andra stadens borgm\u00e4stare som numera tillh\u00f6r parkens stampublik och knappast f\u00f6rsummar n\u00e5gon musikalisk tilldragelse. Tiderna f\u00f6r\u00e4ndras och med dem folkparkerna.<\/p>\n<p>Kritiken mot Alings\u00e5sparken kunde v\u00e4l i b\u00f6rjan anses vara i viss m\u00e5n befogad, \u00e4ven om den led av p\u00e5tagliga \u00f6verdrifter. De ekonomiska f\u00f6rh\u00e5llandena medgav ej att festprogrammen lades p\u00e5 s\u00e4rdeles h\u00f6g niv\u00e5 och det var l\u00e4nge sv\u00e5rt att h\u00e5lla br\u00e5kiga element borta fr\u00e5n parken. N\u00e5gon skada till sin sj\u00e4l torde publiken dock ej ha tagit av de enkla humorister och viss\u00e5ngare som upptr\u00e4dde och lockade till d\u00e5nande skrattsalvor.<\/p>\n<p>Ledningen gjorde \u00e4ven vad den kunde f\u00f6r att l\u00e4gga sordin p\u00e5 den livaktighet som utvecklades av personer med d\u00e5ligt \u00f6lsinne eller med alltf\u00f6r otyglad livsgl\u00e4dje. S\u00e5 sm\u00e5ningom bleve st\u00f6rningarna allt ovanligare och slutligen upph\u00f6rde de alldeles. Medlet var utvisningar, skriftliga varningar och portf\u00f6rbud.<\/p>\n<p>N\u00e5gon g\u00e5ng fick ju ocks\u00e5 ordningsmakten tr\u00e4da emellan. Belysande f\u00f6r den tidens f\u00f6rh\u00e5llande \u00e4r att parkstyrelsen 1922 best\u00e4mde sig f\u00f6r att i forts\u00e4ttningen anordna fester endast p\u00e5 s\u00f6ndagarna. Det gick n\u00e4mligen ej att h\u00e5lla ordning p\u00e5 l\u00f6rdagarna d\u00e4rf\u00f6r att s\u00e5 m\u00e5nga berusade infunne sig.<\/p>\n<p>En ny era i Alings\u00e5s Folkets Park inleddes med s\u00e4songen 1926 d\u00e5 n\u00e5gra intresserade m\u00e4n framtr\u00e4dde och erbj\u00f6d sig att avl\u00f6sa d\u00e5varande parkstyrelsen som vid den tidpunkten var tillr\u00e4ckligt betungad med omsorgerna f\u00f6r ett tillt\u00e4nkt Folkets Hus i Alings\u00e5s. Nykomlingarnas f\u00f6rslag att \u00f6vertaga Parken p\u00e5 arrende, h\u00e4lsades med tillfredsst\u00e4llelse.<\/p>\n<p>De nya m\u00e4nnen som dock voro gamla och bepr\u00f6vade i arbetarr\u00f6relsens tj\u00e4nst, bildade F\u00f6reningen Folkparkens v\u00e4nner gick till verket med of\u00f6rtruten energi. Parken blev f\u00f6rem\u00e5l f\u00f6r ett ih\u00e4rdigt omdaningsarbete, st\u00e4ndiga funktion\u00e4rer tillsattes f\u00f6r de m\u00e5ngskiftande sysslorna vid festerna och man inriktade sig med framg\u00e5ng p\u00e5 att h\u00f6ja programmens konstn\u00e4rliga v\u00e4rde.<\/p>\n<p>Helt och fullt lyckades detta f\u00f6rst med det nya, tidsenliga teaterhusets tillkomst 1935, varigenom det blev m\u00f6jligt att framf\u00f6ra en omv\u00e4xlande och h\u00f6gtst\u00e5ende repertoar, upptagande operett, sk\u00e5despel, lustspel och revy. Att opera \u00e4nnu \u00e4r en fr\u00e4mmande konstart f\u00f6r parkscenen beror uteslutande p\u00e5 den ekonomiska risk som \u00e4r f\u00f6renad med ett framf\u00f6rande av dylika, f\u00f6r den allm\u00e4nna smaken tyv\u00e4rr f\u00f6ga beg\u00e4rliga program. Men det \u00e4r ganska troligt att parkledningen slutligen tar risken \u2013 f\u00f6r att tillfredsst\u00e4lla sitt kulturella samvete om inte annat. S\u00e5dana \u00e4ro de dessa herrar!<\/p>\n<p>Alltnog, \u2026\u2026.<\/p>\n<p><em>L\u00e4s forts\u00e4ttning i bifogat dokument<\/em><\/p>\n<p>Avslutningsord<\/p>\n<p>\u201dS\u00e5 h\u00e4r kunde det l\u00e5ta 1963 n\u00e4r man beskrev tidigt 1900-tal. Det vore sp\u00e4nnande att f\u00e5 en beskrivning i dag om 1960-talet och fram\u00e5t, men det l\u00e4r tyv\u00e4rr inte intr\u00e4ffa. Man m\u00e5ste dock beundra alla eldsj\u00e4lar som l\u00e4gger ner och har lagt ner tid i massor f\u00f6r att Alings\u00e5s Parken skall leva vidare och f\u00f6r att folk skall kunna f\u00f6rgylla sin fritid. Man f\u00e5r hoppas att nya krafter tar vid n\u00e4r de gamla l\u00e4gger hatten p\u00e5 hyllan.\u201d<\/p>\n<p><a href=\"http:\/\/alingsasparkenskulturforening.com\/wp-content\/uploads\/2018\/04\/2-Folkets-park-historia-och-k\u00f6pebrev.pdf\" target=\"_blank\" rel=\"noopener noreferrer\" data-wplink-edit=\"true\">Folkets park historia och k\u00f6pebrev<\/a><\/p>\n","protected":false},"excerpt":{"rendered":"<p>Historien om Alings\u00e5s Folkets Park&#8230; Detta \u00e4r ett litet utdrag fr\u00e5n en minnesskrift fr\u00e5n 1963, sammanst\u00e4lld av Alings\u00e5s ABF:s Avdelning. Av Bruno Edberg Vem anade \u00e5r 1915, att det markomr\u00e5de som F\u00f6reningen Folkets hus i Alings\u00e5s ink\u00f6pte till en festplats i en av stadens utkanter med tiden skulle bli en omtyckt samlingsplats f\u00f6r alla samh\u00e4llsklasser [&hellip;]<\/p>\n","protected":false},"author":1,"featured_media":0,"parent":0,"menu_order":0,"comment_status":"closed","ping_status":"closed","template":"","meta":{"footnotes":""},"class_list":["post-338","page","type-page","status-publish","hentry"],"_links":{"self":[{"href":"https:\/\/alingsasparkenskulturforening.com\/index.php?rest_route=\/wp\/v2\/pages\/338","targetHints":{"allow":["GET"]}}],"collection":[{"href":"https:\/\/alingsasparkenskulturforening.com\/index.php?rest_route=\/wp\/v2\/pages"}],"about":[{"href":"https:\/\/alingsasparkenskulturforening.com\/index.php?rest_route=\/wp\/v2\/types\/page"}],"author":[{"embeddable":true,"href":"https:\/\/alingsasparkenskulturforening.com\/index.php?rest_route=\/wp\/v2\/users\/1"}],"replies":[{"embeddable":true,"href":"https:\/\/alingsasparkenskulturforening.com\/index.php?rest_route=%2Fwp%2Fv2%2Fcomments&post=338"}],"version-history":[{"count":7,"href":"https:\/\/alingsasparkenskulturforening.com\/index.php?rest_route=\/wp\/v2\/pages\/338\/revisions"}],"predecessor-version":[{"id":872,"href":"https:\/\/alingsasparkenskulturforening.com\/index.php?rest_route=\/wp\/v2\/pages\/338\/revisions\/872"}],"wp:attachment":[{"href":"https:\/\/alingsasparkenskulturforening.com\/index.php?rest_route=%2Fwp%2Fv2%2Fmedia&parent=338"}],"curies":[{"name":"wp","href":"https:\/\/api.w.org\/{rel}","templated":true}]}}